{"id":10226,"date":"2020-07-28T06:32:35","date_gmt":"2020-07-28T05:32:35","guid":{"rendered":"http:\/\/www.wababbel.de\/ferdi\/?page_id=10226"},"modified":"2020-08-27T08:01:20","modified_gmt":"2020-08-27T07:01:20","slug":"verschiedenes","status":"publish","type":"page","link":"https:\/\/verserzaehler.wababbel.de\/?page_id=10226","title":{"rendered":"Verschiedenes"},"content":{"rendered":"\n<p>Karl Ludwig von Knebel: <a href=\"http:\/\/www.wababbel.de\/ferdi\/gesammeltes\/im-hexameter\/verschiedenes\/k-l-v-knebel-philomela-in-tiefurt\/\">Philomela in Tiefurt<\/a> (50 Verse)<\/p>\n\n\n\n<p>August Kopisch: <a href=\"http:\/\/www.wababbel.de\/ferdi\/gesammeltes\/im-hexameter\/verschiedenes\/a-kopisch-die-seligen-hyperboreer\/\">Die seligen Hyperboreer<\/a> (35 Verse)<\/p>\n\n\n\n<p>Wilhelm von Blomberg: <a href=\"http:\/\/www.wababbel.de\/ferdi\/gesammeltes\/im-hexameter\/verschiedenes\/w-v-blomberg-die-satire\/\">Die Satire<\/a> (122 Verse)<\/p>\n\n\n\n<p>Ricarda Huch: <a href=\"http:\/\/www.wababbel.de\/ferdi\/gesammeltes\/im-hexameter\/verschiedenes\/ricarda-huch-einsame-nixe\/\">Einsame Nixe<\/a> (13 Verse)<\/p>\n\n\n\n<p>Rudolf Borchardt: <a href=\"http:\/\/www.wababbel.de\/ferdi\/gesammeltes\/im-hexameter\/verschiedenes\/rudolf-borchardt-klage-der-daphne\/\">Klage der Daphne<\/a> (141 Verse)<\/p>\n\n\n\n<p>Heinrich Kruse: <a href=\"http:\/\/www.wababbel.de\/ferdi\/gesammeltes\/im-hexameter\/verschiedenes\/h-kruse-bellmanns-tod\/\">Bellmanns Tod<\/a> (37 Verse)<\/p>\n\n\n\n<p>Friedrich R\u00fcckert: <a href=\"http:\/\/www.wababbel.de\/ferdi\/gesammeltes\/im-hexameter\/verschiedenes\/f-rueckert-aus-den-liedertagebuechern\/\">Aus den Liedertageb\u00fcchern<\/a> (? Verse)<\/p>\n\n\n\n<p>Johann Nikolaus G\u00f6tz: <a href=\"http:\/\/www.wababbel.de\/ferdi\/gesammeltes\/im-hexameter\/verschiedenes\/j-n-goetz-an-einen-vogelsteller\/\">An einen Vogelsteller<\/a> (19 Verse)<\/p>\n","protected":false},"excerpt":{"rendered":"<p>Karl Ludwig von Knebel: Philomela in Tiefurt (50 Verse) August Kopisch: Die seligen Hyperboreer (35 Verse) Wilhelm von Blomberg: Die Satire (122 Verse) Ricarda Huch: Einsame Nixe (13 Verse) Rudolf Borchardt: Klage der Daphne (141 Verse) Heinrich Kruse: Bellmanns Tod (37 Verse) Friedrich R\u00fcckert: Aus den Liedertageb\u00fcchern (? Verse) Johann Nikolaus G\u00f6tz: An einen Vogelsteller&#8230; <a class=\"more-link\" href=\"https:\/\/verserzaehler.wababbel.de\/?page_id=10226\">Read More <span class=\"screen-reader-text\"> in Verschiedenes<\/span><\/a><\/p>\n","protected":false},"author":15,"featured_media":0,"parent":4070,"menu_order":0,"comment_status":"closed","ping_status":"closed","template":"","meta":{"footnotes":""},"class_list":["post-10226","page","type-page","status-publish","hentry"],"_links":{"self":[{"href":"https:\/\/verserzaehler.wababbel.de\/index.php?rest_route=\/wp\/v2\/pages\/10226","targetHints":{"allow":["GET"]}}],"collection":[{"href":"https:\/\/verserzaehler.wababbel.de\/index.php?rest_route=\/wp\/v2\/pages"}],"about":[{"href":"https:\/\/verserzaehler.wababbel.de\/index.php?rest_route=\/wp\/v2\/types\/page"}],"author":[{"embeddable":true,"href":"https:\/\/verserzaehler.wababbel.de\/index.php?rest_route=\/wp\/v2\/users\/15"}],"replies":[{"embeddable":true,"href":"https:\/\/verserzaehler.wababbel.de\/index.php?rest_route=%2Fwp%2Fv2%2Fcomments&post=10226"}],"version-history":[{"count":6,"href":"https:\/\/verserzaehler.wababbel.de\/index.php?rest_route=\/wp\/v2\/pages\/10226\/revisions"}],"predecessor-version":[{"id":10315,"href":"https:\/\/verserzaehler.wababbel.de\/index.php?rest_route=\/wp\/v2\/pages\/10226\/revisions\/10315"}],"up":[{"embeddable":true,"href":"https:\/\/verserzaehler.wababbel.de\/index.php?rest_route=\/wp\/v2\/pages\/4070"}],"wp:attachment":[{"href":"https:\/\/verserzaehler.wababbel.de\/index.php?rest_route=%2Fwp%2Fv2%2Fmedia&parent=10226"}],"curies":[{"name":"wp","href":"https:\/\/api.w.org\/{rel}","templated":true}]}}