{"id":10306,"date":"2020-08-26T11:35:00","date_gmt":"2020-08-26T10:35:00","guid":{"rendered":"http:\/\/www.wababbel.de\/ferdi\/?page_id=10306"},"modified":"2020-08-26T11:36:19","modified_gmt":"2020-08-26T10:36:19","slug":"h-kruse-bellmanns-tod","status":"publish","type":"page","link":"https:\/\/verserzaehler.wababbel.de\/?page_id=10306","title":{"rendered":"H. Kruse: Bellmanns Tod"},"content":{"rendered":"<p><strong>Heinrich Kruse: Bellmanns Tod.<\/strong> <em>In: Hans-Ulrich Simon (Hrsg.), Titelgedichte des Cotta&#8217;schen Morgenblattes f\u00fcr gebildete St\u00e4nde, Heinz, Stuttgart 1987,S. 822ff.<\/em><\/p>\n<p>Bellmann hatte gelebt, wie er seine Ges\u00e4nge gedichtet,<br \/>\nIn fortw\u00e4hrendem Rausch. Nun f\u00fchlt&#8216; er, es ginge zur Neige.<br \/>\nDarum bat er die Freunde noch einmal zusammenzukommen,<br \/>\nMit ihm fr\u00f6hlich zu sein, und Bellmann, sagt&#8216; er, noch einmal<br \/>\n<strong>5<\/strong> Anzuh\u00f6ren. Sie kamen zu ihm mit traurigem Herzen,<br \/>\nAber mit heiterem Blick, und er sch\u00fcttelte jedem die Hand noch,<br \/>\nUnd sie stellten, wie sonst, miteinander ein frohes Gelag an.<br \/>\nBellmann, welchem verliehen der Gott, wie den S\u00e4ngern der Vorwelt,<br \/>\nDass ihm Wort und Gesang zugleich auf den Lippen entstanden,<br \/>\n<strong>10<\/strong> Und sein Lied wie ein Schwan auf eigenem Strome dahinzog,<br \/>\nRaffte noch einmal zusammen die Kr\u00e4fte des fliehenden Lebens,<br \/>\nGanz so herrlich, wie je, wenn auch leise schon bebte die Stimme,<br \/>\nSang unabl\u00e4ssig die Nacht: von dem Laufe des fr\u00f6hlichen Lebens,<br \/>\nDass er hienieden gehabt; von dem Lobe des mildesten K\u00f6nigs,<br \/>\n<strong>15<\/strong> Welcher so oft ihm gelauscht. Und er pries mit freudiger R\u00fchrung,<br \/>\nDass ihm gefallen das Los, bei dem herrlichen Volke der Schweden,<br \/>\nUnter der Heldenschar im Norden geboren zu werden;<br \/>\nPries sein nordisches Land und die Stadt am M\u00e4lar, die sch\u00f6ne,<br \/>\nWo er gelebt und geliebt und die trautesten Freunde gefunden;<br \/>\n<strong>20<\/strong> Schweifte noch einmal im Geist an des M\u00e4lars Gestaden und Inseln,<br \/>\nWo er so oft und so so froh mit seinen Genossen gesegelt,<br \/>\nUnter Musik, mit Kr\u00e4nzen am Mast, und er selber, am Steuer,<br \/>\nJubelte laut Dithyramben dazu, ein seliger Bacchus!<br \/>\nUnd dann wandte er sich an seine versammelten Lieben,<br \/>\n<strong>25<\/strong> Dichtet auf jeden ein eigenes Lied in besonderer Tonart,<br \/>\nWechselnd das Ma\u00df nach des Freundes Gem\u00fct und besonderer Weile,<br \/>\nStreuet darein manch witzigen Rat und heitere Scherze<br \/>\nUnd manch ernsteres Wort. So nimmt er den ewigen Abschied.<br \/>\nNiemals wollte der gl\u00fchende Strom der Begeisterung enden;<br \/>\n<strong>30<\/strong> Und schon d\u00e4mmert der Morgen; es schwimmen in Tr\u00e4nen die Freunde,<br \/>\nUnd sie bitten und flehen ihn an, sich doch endlich zu schonen.<br \/>\nAber der S\u00e4nger, Verkl\u00e4rung im Blick, spricht: &#8222;Lasset und sterben,<br \/>\nWie wir gelebt, in Musik!&#8220; Hoch schwingt er den sch\u00e4umenden Becher,<br \/>\nLeeret ihn aus und f\u00fcget den Schluss zum Schwanengesange.<br \/>\n<strong>35<\/strong> Preisend den Herrn, der Leben und Tod gibt, singt er noch einmal<br \/>\nLob und gl\u00fchenden, jubelnden Dank! Und es schallt noch von bleichen<br \/>\nLippen ein herrlicher Hymnus empor \u2013 dann verstummt er auf ewig.<\/p>\n","protected":false},"excerpt":{"rendered":"<p>Heinrich Kruse: Bellmanns Tod. In: Hans-Ulrich Simon (Hrsg.), Titelgedichte des Cotta&#8217;schen Morgenblattes f\u00fcr gebildete St\u00e4nde, Heinz, Stuttgart 1987,S. 822ff. Bellmann hatte gelebt, wie er seine Ges\u00e4nge gedichtet, In fortw\u00e4hrendem Rausch. Nun f\u00fchlt&#8216; er, es ginge zur Neige. Darum bat er die Freunde noch einmal zusammenzukommen, Mit ihm fr\u00f6hlich zu sein, und Bellmann, sagt&#8216; er, noch&#8230; <a class=\"more-link\" href=\"https:\/\/verserzaehler.wababbel.de\/?page_id=10306\">Read More <span class=\"screen-reader-text\"> in H. Kruse: Bellmanns Tod<\/span><\/a><\/p>\n","protected":false},"author":15,"featured_media":0,"parent":10226,"menu_order":0,"comment_status":"closed","ping_status":"closed","template":"","meta":{"footnotes":""},"class_list":["post-10306","page","type-page","status-publish","hentry"],"_links":{"self":[{"href":"https:\/\/verserzaehler.wababbel.de\/index.php?rest_route=\/wp\/v2\/pages\/10306","targetHints":{"allow":["GET"]}}],"collection":[{"href":"https:\/\/verserzaehler.wababbel.de\/index.php?rest_route=\/wp\/v2\/pages"}],"about":[{"href":"https:\/\/verserzaehler.wababbel.de\/index.php?rest_route=\/wp\/v2\/types\/page"}],"author":[{"embeddable":true,"href":"https:\/\/verserzaehler.wababbel.de\/index.php?rest_route=\/wp\/v2\/users\/15"}],"replies":[{"embeddable":true,"href":"https:\/\/verserzaehler.wababbel.de\/index.php?rest_route=%2Fwp%2Fv2%2Fcomments&post=10306"}],"version-history":[{"count":1,"href":"https:\/\/verserzaehler.wababbel.de\/index.php?rest_route=\/wp\/v2\/pages\/10306\/revisions"}],"predecessor-version":[{"id":10307,"href":"https:\/\/verserzaehler.wababbel.de\/index.php?rest_route=\/wp\/v2\/pages\/10306\/revisions\/10307"}],"up":[{"embeddable":true,"href":"https:\/\/verserzaehler.wababbel.de\/index.php?rest_route=\/wp\/v2\/pages\/10226"}],"wp:attachment":[{"href":"https:\/\/verserzaehler.wababbel.de\/index.php?rest_route=%2Fwp%2Fv2%2Fmedia&parent=10306"}],"curies":[{"name":"wp","href":"https:\/\/api.w.org\/{rel}","templated":true}]}}