{"id":1409,"date":"2014-04-14T18:04:17","date_gmt":"2014-04-14T17:04:17","guid":{"rendered":"http:\/\/www.wababbel.de\/ferdi\/?page_id=1409"},"modified":"2019-07-14T16:24:21","modified_gmt":"2019-07-14T15:24:21","slug":"das-wort","status":"publish","type":"page","link":"https:\/\/verserzaehler.wababbel.de\/?page_id=1409","title":{"rendered":"Das Wort"},"content":{"rendered":"<p>Es ist mit den verschiedenen Versarten beinahe wie mit den musikalischen Instrumenten;<br \/>\nwer eines derselben gut zu spielen wei\u00df, muss sich t\u00e4glich darauf \u00fcben.<\/p>\n<p><em>C. M. Wieland<\/em><\/p>\n<p>&nbsp;<\/p>\n<p>Der Vers ist keine Gr\u00f6\u00dfe f\u00fcrs Auge, sondern f\u00fcrs Ohr.<\/p>\n<p><em>Friedrich Georg J\u00fcnger<\/em><\/p>\n<p>&nbsp;<\/p>\n<p>Das Gedicht ist lebendig in der Balance zwischen Laut und Lautlos.<\/p>\n<p><em>Christoph Meckel<\/em><\/p>\n<p>&nbsp;<\/p>\n<p>Ein wirkliches Kunstwerk ist nicht nur seines Sinnes, sondern ebensosehr seiner Form wegen ein Kunstwerk. Seine eigentliche und innerste Aussage gilt nur in dieser einmaligen, notwendigen Form. Wer die Form \u00e4ndert, \u00e4ndert auch den Inhalt.<\/p>\n<p><em>Manfred Hausmann<\/em><\/p>\n<p>&nbsp;<\/p>\n<p>Der Takt wiederholt das Gleiche, er ist eine geistige Leistung des Menschen. Im Rhythmus aber geschieht eine Wiederkehr des \u00c4hnlichen; er wiederholt nicht, wie der Takt, sondern erneuert.<\/p>\n<p><em>Rudolf Ibel<\/em><\/p>\n<p>&nbsp;<\/p>\n<p>Der deutsche Versrhythmus ist immer zuerst Sinnverwirklichung und dann Formverwirklichung.<\/p>\n<p><em>Ulrich H\u00f6tzer<\/em><\/p>\n<p>&nbsp;<\/p>\n<p>Der Bindungen und Gesetze, an die der Sprachgebrauch des deutschen Dichters sich unbedingt zu halten h\u00e4tte, sind verh\u00e4ltnism\u00e4\u00dfig wenige; grade innerhalb solcher Freiheit soll sich neben seinem K\u00f6nnen das Wissen des deutschen Dichters um die Eigent\u00fcmlichkeit seines Instrumentes bew\u00e4hren.<\/p>\n<p><em>Rudolf Alexander Schr\u00f6der<\/em><\/p>\n<p>&nbsp;<\/p>\n<p>The sonnet is a form with a past.<\/p>\n<p><em>Edward Hirsch \/ Eavan Boland<\/em><\/p>\n<p>&nbsp;<\/p>\n<p>Der Hexameter stellt dem H\u00f6rer Welt gegen\u00fcber als reine, ungemischte und ungebrochene Gegenwart.<\/p>\n<p><em>Ulrich H\u00f6tzer<\/em><\/p>\n<p>&nbsp;<\/p>\n<p>Frei von Lastern zu sein, ist dem Metriker nicht genug, sondern keiner dargebotenen Tugend zu ermangeln.<\/p>\n<p><em>Johann Heinrich Vo\u00df<\/em><\/p>\n<p>&nbsp;<\/p>\n<p>Das am wenigsten leichtfertige Ausdrucksprinzip ist der Vers. Es ist das mit Abstand widerst\u00e4ndigste Prinzip gegen die Nichtigkeit und Verg\u00e4nglichkeit alles Gesagten, das mit der h\u00e4rtesten Resistenz gegen den Verschlei\u00df aller Bedeutungen.<\/p>\n<p><em>Durs Gr\u00fcnbein<\/em><\/p>\n<p>&nbsp;<\/p>\n<p>Es gibt in der Lyrik keine anderen Probleme als Probleme der Form.<\/p>\n<p><em>Oskar Loerke<\/em><\/p>\n","protected":false},"excerpt":{"rendered":"<p>Es ist mit den verschiedenen Versarten beinahe wie mit den musikalischen Instrumenten; wer eines derselben gut zu spielen wei\u00df, muss sich t\u00e4glich darauf \u00fcben. C. M. Wieland &nbsp; Der Vers ist keine Gr\u00f6\u00dfe f\u00fcrs Auge, sondern f\u00fcrs Ohr. Friedrich Georg J\u00fcnger &nbsp; Das Gedicht ist lebendig in der Balance zwischen Laut und Lautlos. Christoph Meckel&#8230; <a class=\"more-link\" href=\"https:\/\/verserzaehler.wababbel.de\/?page_id=1409\">Read More <span class=\"screen-reader-text\"> in Das Wort<\/span><\/a><\/p>\n","protected":false},"author":15,"featured_media":0,"parent":777,"menu_order":13,"comment_status":"open","ping_status":"closed","template":"","meta":{"footnotes":""},"class_list":["post-1409","page","type-page","status-publish","hentry"],"_links":{"self":[{"href":"https:\/\/verserzaehler.wababbel.de\/index.php?rest_route=\/wp\/v2\/pages\/1409","targetHints":{"allow":["GET"]}}],"collection":[{"href":"https:\/\/verserzaehler.wababbel.de\/index.php?rest_route=\/wp\/v2\/pages"}],"about":[{"href":"https:\/\/verserzaehler.wababbel.de\/index.php?rest_route=\/wp\/v2\/types\/page"}],"author":[{"embeddable":true,"href":"https:\/\/verserzaehler.wababbel.de\/index.php?rest_route=\/wp\/v2\/users\/15"}],"replies":[{"embeddable":true,"href":"https:\/\/verserzaehler.wababbel.de\/index.php?rest_route=%2Fwp%2Fv2%2Fcomments&post=1409"}],"version-history":[{"count":14,"href":"https:\/\/verserzaehler.wababbel.de\/index.php?rest_route=\/wp\/v2\/pages\/1409\/revisions"}],"predecessor-version":[{"id":7698,"href":"https:\/\/verserzaehler.wababbel.de\/index.php?rest_route=\/wp\/v2\/pages\/1409\/revisions\/7698"}],"up":[{"embeddable":true,"href":"https:\/\/verserzaehler.wababbel.de\/index.php?rest_route=\/wp\/v2\/pages\/777"}],"wp:attachment":[{"href":"https:\/\/verserzaehler.wababbel.de\/index.php?rest_route=%2Fwp%2Fv2%2Fmedia&parent=1409"}],"curies":[{"name":"wp","href":"https:\/\/api.w.org\/{rel}","templated":true}]}}