{"id":4403,"date":"2015-05-09T14:15:42","date_gmt":"2015-05-09T12:15:42","guid":{"rendered":"http:\/\/www.wababbel.de\/ferdi\/?page_id=4403"},"modified":"2015-05-09T14:15:42","modified_gmt":"2015-05-09T12:15:42","slug":"einfluss-auf-den-stil","status":"publish","type":"page","link":"https:\/\/verserzaehler.wababbel.de\/?page_id=4403","title":{"rendered":"Einfluss auf den Stil"},"content":{"rendered":"<p><strong>Einfluss des Hexameters auf den Stil<\/strong><\/p>\n<p>Das Streben nach genauer Einhaltung der Taktdauer, das im Hexameter eine rhythmische Forderung ist, kann freilich auf Kosten der Wortbetonung und Satzbetonung befriedigt werden, wir haben solche F\u00e4lle bei Voss wiederholt kennengelernt und auch die geh\u00e4uften schwebenden Betonungen nach dem Paradigma erlk\u00f3nig, ehrw\u00fardig etc. geh\u00f6ren hierher. Die gr\u00f6\u00dfere rhythmische Vollkommenheit wird hier zu einer metrischen Unvollkommenheit.<\/p>\n<p>Nicht so leicht zugeben kann ich aber Victor Hehn, dass die rhythmische Vollkommenheit des Hexameters bei Voss blo\u00df durch stilistische Kunstst\u00fccke oder gar M\u00e4tzchen zustandek\u00e4me. Hehn macht auf die Stilmittel aufmerksam, mit deren Hilfe Voss seine schweren Spondeen und leichten Daktylen erzielt: also auf die H\u00e4ufung von Diminutiven (<em>S\u00f6hnlein<\/em> statt <em>Sohn<\/em>) und von klopstockischen Komparativen der Verst\u00e4rkung (<em>gr\u00fcnere<\/em> statt <em>gr\u00fcne<\/em>, ohne Vergleichung), auf die Zerdehnung urspr\u00fcnglich dreisilbiger Verbalformen (<em>wallte, machete, h\u00f6rete<\/em>) und umgekehrt auf die Zusammenziehung dreisilbiger Nominal- und Verbalformen (<em>heilger, schmerzts<\/em>) und endlich auf die so barsch und grob klingenden Partizipien mit imperativer Bedeutung (<em>Frisch! Nicht lange gefeiert!<\/em>).<\/p>\n<p>Zugegeben, dass diese Stilmittel von Vo\u00df zu h\u00e4ufig in Anwendung gebracht werden und die nat\u00fcrliche Rede oft ersticken! Aber man darf nicht \u00fcbersehen, dass ein jedes Versma\u00df seine R\u00fcckwirkung auf den Stil aus\u00fcbt und dass diese R\u00fcckwirkung um so st\u00e4rker ist, je ausgepr\u00e4gter der rhythmische Charakter des Versma\u00dfes ist. Der f\u00fcnff\u00fc\u00dfige Iambus schmiegt sich dem Satz an; der vierf\u00fc\u00dfige Troch\u00e4us und der Daktylus suchen den Satz zu modeln. Die daktylischen Dimeter Arndts stellen die Satzbetonung auf den Kopf, die Trimeter verwirren die Wortfolge. Schon daraus h\u00e4tte man erkennen sollen, dass der fallende Rhythmus nicht der unserer Sprache eigent\u00fcmliche ist.<\/p>\n","protected":false},"excerpt":{"rendered":"<p>Einfluss des Hexameters auf den Stil Das Streben nach genauer Einhaltung der Taktdauer, das im Hexameter eine rhythmische Forderung ist, kann freilich auf Kosten der Wortbetonung und Satzbetonung befriedigt werden, wir haben solche F\u00e4lle bei Voss wiederholt kennengelernt und auch die geh\u00e4uften schwebenden Betonungen nach dem Paradigma erlk\u00f3nig, ehrw\u00fardig etc. geh\u00f6ren hierher. Die gr\u00f6\u00dfere rhythmische&#8230; <a class=\"more-link\" href=\"https:\/\/verserzaehler.wababbel.de\/?page_id=4403\">Read More <span class=\"screen-reader-text\"> in Einfluss auf den Stil<\/span><\/a><\/p>\n","protected":false},"author":15,"featured_media":0,"parent":4251,"menu_order":10,"comment_status":"open","ping_status":"open","template":"","meta":{"footnotes":""},"class_list":["post-4403","page","type-page","status-publish","hentry"],"_links":{"self":[{"href":"https:\/\/verserzaehler.wababbel.de\/index.php?rest_route=\/wp\/v2\/pages\/4403","targetHints":{"allow":["GET"]}}],"collection":[{"href":"https:\/\/verserzaehler.wababbel.de\/index.php?rest_route=\/wp\/v2\/pages"}],"about":[{"href":"https:\/\/verserzaehler.wababbel.de\/index.php?rest_route=\/wp\/v2\/types\/page"}],"author":[{"embeddable":true,"href":"https:\/\/verserzaehler.wababbel.de\/index.php?rest_route=\/wp\/v2\/users\/15"}],"replies":[{"embeddable":true,"href":"https:\/\/verserzaehler.wababbel.de\/index.php?rest_route=%2Fwp%2Fv2%2Fcomments&post=4403"}],"version-history":[{"count":1,"href":"https:\/\/verserzaehler.wababbel.de\/index.php?rest_route=\/wp\/v2\/pages\/4403\/revisions"}],"predecessor-version":[{"id":4404,"href":"https:\/\/verserzaehler.wababbel.de\/index.php?rest_route=\/wp\/v2\/pages\/4403\/revisions\/4404"}],"up":[{"embeddable":true,"href":"https:\/\/verserzaehler.wababbel.de\/index.php?rest_route=\/wp\/v2\/pages\/4251"}],"wp:attachment":[{"href":"https:\/\/verserzaehler.wababbel.de\/index.php?rest_route=%2Fwp%2Fv2%2Fmedia&parent=4403"}],"curies":[{"name":"wp","href":"https:\/\/api.w.org\/{rel}","templated":true}]}}