{"id":840,"date":"2014-02-10T03:20:08","date_gmt":"2014-02-10T01:20:08","guid":{"rendered":"http:\/\/www.wababbel.de\/ferdi\/?page_id=840"},"modified":"2014-02-11T01:44:10","modified_gmt":"2014-02-10T23:44:10","slug":"erstes-abenteuer","status":"publish","type":"page","link":"https:\/\/verserzaehler.wababbel.de\/?page_id=840","title":{"rendered":"Erstes Abenteuer"},"content":{"rendered":"<p>Erstes Abenteuer<\/p>\n<p>Es lag im Wald abseits vom Rhein<br \/>\nEin armes Bettelkl\u00f6sterlein.<br \/>\nDort dienten, der Versuchung fern,<br \/>\nZw\u00f6lf biedre M\u00f6nche Gott dem Herrn.<br \/>\nSie wohnten in des Friedens Zelt,<br \/>\nEntr\u00fcckt dem Schiffbruch dieser Welt:<br \/>\nDie einen in der Jugend Prangen,<br \/>\nMit sanftem Blick und zwarten Wangen,<br \/>\nVon frommen Eltern kaum geboren<br \/>\nZu Himmelsb\u00fcrgern auserkoren,<br \/>\nEh sie der Maienhauch der S\u00fcnde<br \/>\nMit seiner s\u00fc\u00dfen Brunst entz\u00fcnde.<br \/>\nDie andern alt, mit langem Bart,<br \/>\nGebr\u00e4unt von mancher hei\u00dfer Fahrt;<br \/>\nDie schlaffen Augen gaben Kunde<br \/>\nVon mancher wildverschwelgten Stunde:<br \/>\nNun b\u00fc\u00dften sie im h\u00e4rnen Kleid<br \/>\nDes Lebens sch\u00f6ne Eitelkeit.<\/p>\n<p>Herr Irminold der Guardian,<br \/>\nDem sie voll Demut untertan,<br \/>\nDer hatte lange mit Scholaren<br \/>\nDie Welt durchschweift in jungen Jahren,<br \/>\nBald eines Bischofs Tischgenoss,<br \/>\nBald Schreiber in des Kaisers Tross,<br \/>\nBald mit verwettertem Gesinde<br \/>\nEin Gast des Waldes und der Winde.<br \/>\nEr war ihr Stolz; denn er allein<br \/>\nWar schriftgelehrt und sprach Latein.<br \/>\nSie z\u00e4hlten zu den Geistesarmen,<br \/>\nDie Christus segnet voll Erbarmen.<br \/>\nDenn ihnen schuf kein R\u00e4tsel Qual;<br \/>\nSie dachten t\u00e4glich siebenmal<br \/>\nIn Reu und Leid des S\u00fcndenfalles;<br \/>\nSie wussten nichts und glaubten alles.<\/p>\n<p>In ebnem Bette floss ihr Leben,<br \/>\nDer strengen Regel fromm ergeben.<br \/>\nSie gingen barhaupt, ohne Schuhe<br \/>\nUnd schliefen sanft auf harter Truhe.<br \/>\nNie dampfte Fleisch auf ihrem Tisch;<br \/>\nAm Fasttag fehlte selbst der Fisch.<br \/>\nSie a\u00dfen Bohnen unverdrossen<br \/>\nUnd anders, was dem Halm entsprossen,<br \/>\nDer alten V\u00e4ter heilge Kost.<br \/>\nF\u00fcr sie vergor kein edler Most.<br \/>\nSie kannten keine andre S\u00fc\u00dfe<br \/>\nAls Hymnen und Mariengr\u00fc\u00dfe.<br \/>\nVon irdischer Arbeit Schwei\u00df und Pein<br \/>\nBlieb ihnen Leib und Seele rein.<br \/>\nIhr einzig Tagwerk war Gesang;<br \/>\nSie sangen halbe N\u00e4chte lang<br \/>\nMit so zerknirschten Jammerlauten,<br \/>\nDass sich die Engel dran erbauten.<br \/>\nWornach der Menschen Gier entbrannt,<br \/>\nKein Geld entweihte ihre Hand.<br \/>\nDoch kam einmal die Not ins Haus,<br \/>\nSo schw\u00e4rmten sie gleich Immlein aus<br \/>\nUnd r\u00fchrten rings durch Herzensg\u00fcte<br \/>\nDer Bauernweiber weich Gem\u00fcte.<br \/>\nSie traten l\u00e4chelnden Gesichts<br \/>\nIns Hoftor ein und sagten nichts,<br \/>\nEmpfingen aber sich zur Labe<br \/>\nBescheiden auch die \u00e4rmste Gabe.<br \/>\nUnd wenn erglomm der Abendstern,<br \/>\nSo kehrten sie von nah und fern,<br \/>\nBeladen f\u00fcr des Leibes Not<br \/>\nMit Reisigwellen, Frucht und Brot,<br \/>\nVerzehrten froh die magre Beute<br \/>\nUnd lobten Gott und gute Leute.<\/p>\n<p>Hienieden war ihr Paradies<br \/>\nEin G\u00fctchen, das ans Kloster stie\u00df,<br \/>\nVon hoher Mauer rings umschlossen,<br \/>\nVon einem klaren Bach durchflossen.<br \/>\nDort lauschten sie am Sommertag<br \/>\nAuf Kuckucksruf und Wachtelschlag<br \/>\nUnd plauderten, versteckt in Rosen,<br \/>\nVon jenen wei\u00dfen dornenlosen,<br \/>\nDie der Gerechten warten<br \/>\nIm lichten Himmelsgarten.<\/p>\n<p>Hier ging dereinst der Bruder Benz,<br \/>\nDer w\u00fcrdge Nestor des Konvents,<br \/>\nUnd sucht&#8216; in erster Fr\u00fchlingshitze<br \/>\nEin k\u00fchles Ecklein sich zum Sitze.<br \/>\nIm Hintergrund, am Rand des Quells,<br \/>\nRagt hoch ein eppichgr\u00fcner Fels;<br \/>\nDort, \u00fcberdacht vom dichten Flieder,<br \/>\nLie\u00df sich der fromme Bruder nieder,<br \/>\nSah blinzemd in den Sonnenschein<br \/>\nUnd schlief beim sang der Grillen ein.<br \/>\nSanft glitt sein Haupt zum weichen Rasen:<br \/>\nDa weckte ihn ein grobes Blasen,<br \/>\nDas meuchlerisch im besten Schlaf<br \/>\nIhn an der blanken Glatze traf.<br \/>\nEr schreckt empor &#8211; doch geht kein Hauch;<br \/>\nKein Bl\u00e4ttlein bebt an Baum und Strauch;<br \/>\nDie Fliegen schw\u00e4rmen mit Gesumm.<br \/>\nEr schl\u00e4gt ein Kreuz und dreht sich um<br \/>\nUnd kehrt sein Haupt der Felswand zu.<br \/>\nWie wohl tut ihm die sichre Ruh!<br \/>\nDoch nun &#8211; f\u00fcrwahr, er tr\u00e4umt doch nicht &#8211;<br \/>\nNun bl\u00e4st es scharf ihm ins Gesicht.<br \/>\nDa rief er mit entsetztem Ton<br \/>\nZu seinem heilgen Schutzpatron.<br \/>\nDoch wie er nach dem Boden starrte,<br \/>\nGewahrt&#8216; er eine Felsenscharte;<br \/>\nDrin klafft ein langer, feiner Spalt;<br \/>\nVon dorther weht es modrig kalt.<br \/>\n&#8222;Hier&#8220;, sprach der M\u00f6nch mit Beben,<br \/>\n&#8222;Hier ist ein Schatz zu heben!&#8220;<br \/>\nEr leif auf schwanken Sohlen,<br \/>\nDie Br\u00fcder herzuholen;<br \/>\n&#8222;Merkt auf, ich zeig euch einen Ort,<br \/>\nDa liegt der Nibelungen Hort!&#8220;<br \/>\nSie kamen alle, Mann f\u00fcr Mann,<br \/>\nMit Hacken und mit Schaufeln an<br \/>\nUnd gruben um die Wette<br \/>\nAn der gefeiten St\u00e4tte.<\/p>\n<p>Da tauchte bald ein rundes Tor<br \/>\nAus Schutt und Felsger\u00f6ll hervor.<br \/>\nNun leuchtet in den Berg hinein<br \/>\nVom hellen Tag ein D\u00e4mmerschein,<br \/>\nUnd drinnen w\u00f6lbt sich hoch und weit<br \/>\nEin Keller aus der R\u00f6merzeit.<br \/>\nViel alte Kr\u00fcge stehn umher<br \/>\nMit m\u00e4chtgem Bauch, doch leider leer.<br \/>\nDie armen M\u00f6nche sahn sich stumm<br \/>\nEntt\u00e4uschten Blicks und fr\u00f6stelnd um.<br \/>\nIn diesem heidnischen Gem\u00e4uer<br \/>\nSchien&#8217;s ihnen doch nicht recht geheuer.<br \/>\nDa zischelt einer angstverst\u00f6rt:<br \/>\n&#8222;Was war das? Habt ihr&#8217;s nicht geh\u00f6rt?&#8220;<br \/>\nEin jeder sucht vor Schrecken<br \/>\nAm andern sich zu decken,<br \/>\nHorcht atemlos mit offnem Mund<br \/>\nHinunter nach des Kellers Grund.<br \/>\nUnd wirklich, hinten aus dem D\u00fcstern,<br \/>\nDa kam ein Pusten und ein Fl\u00fcstern,<br \/>\nDarnach ein Laut, wie wenn mit G\u00e4hnen<br \/>\nErwachende die Glieder dehnen.<br \/>\nDa str\u00e4ubte sich ihr bisschen Haar;<br \/>\nUm Hilfe schrie die ganze Schar.<br \/>\nDas war ein Rennen und ein Laufen;<br \/>\nSie lagen bald auf einem Haufen.<\/p>\n<p>Nun eilt der Guardian herbei;<br \/>\nDen Hirten lockt der Herde Schrei.<br \/>\nEr h\u00f6rt die M\u00e4r geneigt zum Scherze<br \/>\nUnd steigt hinab mit heilger Kerze.<br \/>\nDie Kr\u00fcge schaut er mit Behagen;<br \/>\nIhn r\u00fchrt ein Wunsch aus jungen Tagen.<br \/>\nDas war der Durst nicht, der gemeine:<br \/>\nDie Sehnsucht war&#8217;s nach goldnem Weine.<br \/>\nEr sprach: &#8222;Wo ist, davor euch graust?<br \/>\nHier hat ein guter Geist gehaust.&#8220;<br \/>\nEr trat hinein, erhob das Licht<br \/>\nUnd sprach mit l\u00e4chelndem Gesicht:<br \/>\n&#8222;Ja, g\u00fctger Geist, wer du auch seist,<br \/>\nWir sind an Freuden arg verwaist.<br \/>\nLass dir&#8217;s gefallen, lass dich laden,<br \/>\nAls Gast uns gastlich zu begnaden!&#8220;<br \/>\nSein Licht erlosch. Er ging von dannen,<br \/>\nBestaunt von seinen treuen Mannen,<br \/>\nUnd sprach: &#8222;Die Schatten werden lang,<br \/>\nMacht euch bereit zum Abendsang!&#8220;<\/p>\n<p>Doch als er kam vor seine Zelle,<br \/>\nDa sa\u00df ein M\u00e4nnlein auf der Schwelle,<br \/>\nGlattwangig, zart und wohlgestalt,<br \/>\nVon einem roten Hemd umwallt,<br \/>\nEin rotes H\u00fctchen in den Locken.<br \/>\n&#8222;Willkommen!&#8220; rief er unerschrocken,<br \/>\n&#8222;Woher, du Fremdling sch\u00f6n und licht?<br \/>\nVon b\u00f6sem Stamme bist du nicht.&#8220;<br \/>\nDa klang ein Stimmchen fein wie golden:<br \/>\n&#8222;Wir hei\u00dfen auch die guten Holden.&#8220;<br \/>\n&#8222;Was suchst du hier auf meinen Pfaden?&#8220;<br \/>\n&#8222;Du hast ja selbst mich eingeladen<br \/>\nIm Keller, wo ich lag und schlief,<br \/>\nBis mich dein Gru\u00df ins Leben rief.&#8220;<br \/>\n&#8222;Wie kamst du in die Felsengruft?&#8220;<br \/>\n&#8222;Wohl lebt ich einst in freier Luft,<br \/>\nDen Frauen lieb, den Helden wert,<br \/>\nUnd allem Volke hochgeehrt,<br \/>\nBis mit des fremden Gottes Namen<br \/>\nDie schwarzen Kuttenm\u00e4nner kamen,<br \/>\nGebete murmelnd auf Latein.<br \/>\nIhr Beil erknirscht im heilgen Hain;<br \/>\nSingh\u00e4user baun sie allerorten,<br \/>\nBeschimpfen uns mit wilden Worten<br \/>\nUnd machen uns die Ohren gellen<br \/>\nMit ihren gro\u00dfen welschen Schellen.<br \/>\nDa scharten sich die Meinen<br \/>\nMit Wehmut und mit Weinen<br \/>\nUnd fuhren aus, ein stilles Heer,<br \/>\nBei Nacht stromabw\u00e4rts \u00fcbers Meer.<br \/>\nIch dacht erst mit den andern<br \/>\nAuch fernhinweg zu wandern.<br \/>\nDa fand ich jenes Mauerloch,<br \/>\nWo ich im Unmut mich verkroch.<br \/>\nDort standen aus verschollner Zeit<br \/>\nViel spitze Kr\u00fcge sch\u00f6ngereiht,<br \/>\nUralten R\u00f6merweines voll:<br \/>\nDie trank ich aus in meinem Groll.<br \/>\nNun musst du wissen: unser Wein,<br \/>\nDas ist der klare Mondenschein.<br \/>\nWir scheuen als Beschwerde<br \/>\nDas rote Blut der Erde.<br \/>\nDoch ich im Trutze trank und trank<br \/>\nBis ich umnebelt niedersank.<br \/>\nSo stille war&#8217;s im Grunde;<br \/>\nMich st\u00f6rte keine Kunde.<br \/>\nNur oft wie einer Drohne Summen<br \/>\nH\u00f6rt&#8216; ich von fern die Glocken brummen.<br \/>\nIch aber schlief, ich glaube gar,<br \/>\nWohl \u00fcber siebenhundert Jahr.&#8220;<br \/>\n&#8222;Und nun?&#8220; &#8222;Nun bin ich hier erschienen,<br \/>\nAls Gast euch gastlich zu bedienen.&#8220;<br \/>\n&#8222;Uns, die zum selben Gotte beten<br \/>\nWie jene Schwarzen, die dich schm\u00e4hten?<br \/>\nDenkst nicht, uns f\u00fcr dein Leid zu strafen?&#8220;<br \/>\n&#8222;Das ist vertrunken und verschlafen!<br \/>\nIhr habt so freundlich mich begr\u00fc\u00dft<br \/>\nUnd mir der Schwarzen Schimpf geb\u00fc\u00dft.<br \/>\nAuch seid ihr braun, ein gutes Zeichen:<br \/>\nIch habe Vettern, die euch gleichen.&#8220;<\/p>\n<p>Der Guardian wiegt das Haupt und spricht:<br \/>\n&#8222;Freund, hier ist deine St\u00e4tte nicht!&#8220;<br \/>\nDoch jener fleht: Lass mich gew\u00e4hren!<br \/>\nAls meinen Herrn will ich dich ehren.&#8220;<br \/>\nEr blickt empor, ein bittend Kind:<br \/>\n&#8222;Wir sind so gern, wo Menschen sind.&#8220;<br \/>\n&#8222;Wohlan, ich hei\u00dfe Irminold,<br \/>\nUnd du, wie hei\u00dft du?&#8220; &#8222;Wie ihr wollt!<br \/>\nDa wo es sprudelt, rauscht und braust,<br \/>\nHab ich am liebsten einst gehaust<br \/>\nUnd ritt als Fant auf Wind und Wolke;<br \/>\nDrum hie\u00df ich Rausch bei meinem Volke.&#8220;<br \/>\n&#8222;Durch diesen Namen ehrt mit Recht<br \/>\nDich auch der Sterblichen Geschlecht.<br \/>\nWieviel die Sagen melden<br \/>\nVon Tr\u00fcnken deutscher Helden,<br \/>\nEs brauchte siebenhundert Jahr,<br \/>\nBis deiner ausgeschlafen war:<br \/>\nDrum sollst du auch in unsern Reihn<br \/>\nAls Bruder Rausch gepriesen sein.<br \/>\nDoch welches Amt wird dir zu Lehn?<br \/>\nWir sind mit Dienern wohlversehn:<br \/>\nDer Oberk\u00e4mmrer sorgt getreu<br \/>\nIm Schlafgemach f\u00fcr trockne Streu;<br \/>\nDer Truchsess h\u00e4lt mit wenig Haus<br \/>\nUnd w\u00fcrzt mit Fasten unsern Schmaus,<br \/>\nUnd Wassermann der Schenke,<br \/>\nDem mangelt nie Getr\u00e4nke.&#8220;<br \/>\n&#8222;Herr, lasst sie dieser Dienste frei!<br \/>\nGebt mir die \u00c4mter alle drei!&#8220;<br \/>\nDer Guardian nickt ihm lachend zu:<br \/>\n&#8222;Und welchen Liedlohn forderst du?&#8220;<br \/>\nBleibt mir mit Wort und Mienen hold,<br \/>\nSo heisch ich weder Dank noch Gold.&#8220;<br \/>\n&#8222;Das sei gelobt in Treuen!&#8220;<br \/>\nEs soll euch nicht gereuen!&#8220;<\/p>\n","protected":false},"excerpt":{"rendered":"<p>Erstes Abenteuer Es lag im Wald abseits vom Rhein Ein armes Bettelkl\u00f6sterlein. Dort dienten, der Versuchung fern, Zw\u00f6lf biedre M\u00f6nche Gott dem Herrn. Sie wohnten in des Friedens Zelt, Entr\u00fcckt dem Schiffbruch dieser Welt: Die einen in der Jugend Prangen, Mit sanftem Blick und zwarten Wangen, Von frommen Eltern kaum geboren Zu Himmelsb\u00fcrgern auserkoren, Eh&#8230; <a class=\"more-link\" href=\"https:\/\/verserzaehler.wababbel.de\/?page_id=840\">Read More <span class=\"screen-reader-text\"> in Erstes Abenteuer<\/span><\/a><\/p>\n","protected":false},"author":15,"featured_media":0,"parent":838,"menu_order":0,"comment_status":"open","ping_status":"open","template":"","meta":{"footnotes":""},"class_list":["post-840","page","type-page","status-publish","hentry"],"_links":{"self":[{"href":"https:\/\/verserzaehler.wababbel.de\/index.php?rest_route=\/wp\/v2\/pages\/840","targetHints":{"allow":["GET"]}}],"collection":[{"href":"https:\/\/verserzaehler.wababbel.de\/index.php?rest_route=\/wp\/v2\/pages"}],"about":[{"href":"https:\/\/verserzaehler.wababbel.de\/index.php?rest_route=\/wp\/v2\/types\/page"}],"author":[{"embeddable":true,"href":"https:\/\/verserzaehler.wababbel.de\/index.php?rest_route=\/wp\/v2\/users\/15"}],"replies":[{"embeddable":true,"href":"https:\/\/verserzaehler.wababbel.de\/index.php?rest_route=%2Fwp%2Fv2%2Fcomments&post=840"}],"version-history":[{"count":1,"href":"https:\/\/verserzaehler.wababbel.de\/index.php?rest_route=\/wp\/v2\/pages\/840\/revisions"}],"predecessor-version":[{"id":841,"href":"https:\/\/verserzaehler.wababbel.de\/index.php?rest_route=\/wp\/v2\/pages\/840\/revisions\/841"}],"up":[{"embeddable":true,"href":"https:\/\/verserzaehler.wababbel.de\/index.php?rest_route=\/wp\/v2\/pages\/838"}],"wp:attachment":[{"href":"https:\/\/verserzaehler.wababbel.de\/index.php?rest_route=%2Fwp%2Fv2%2Fmedia&parent=840"}],"curies":[{"name":"wp","href":"https:\/\/api.w.org\/{rel}","templated":true}]}}