{"id":9326,"date":"2019-08-12T22:16:31","date_gmt":"2019-08-12T21:16:31","guid":{"rendered":"http:\/\/www.wababbel.de\/ferdi\/?page_id=9326"},"modified":"2019-08-12T22:16:49","modified_gmt":"2019-08-12T21:16:49","slug":"detlef-von-liliencron","status":"publish","type":"page","link":"https:\/\/verserzaehler.wababbel.de\/?page_id=9326","title":{"rendered":"Detlef von Liliencron"},"content":{"rendered":"<p>Die Sterne funkeln kalt und k\u00fchl herab,<br \/>\nSie leuchten auf ein seliges Vergessen,<br \/>\nBis Tag und Tau die jungen Scheitel n\u00e4ssen.<br \/>\nDie Sterne funkeln kalt und k\u00fchl herab<br \/>\nAuf einen Kranz von Astern und Zypressen:<br \/>\nDu Herzensmann, ich kann dich nicht vergessen.<br \/>\nDie Sterne funken kalt und k\u00fchl herab.<\/p>\n","protected":false},"excerpt":{"rendered":"<p>Die Sterne funkeln kalt und k\u00fchl herab, Sie leuchten auf ein seliges Vergessen, Bis Tag und Tau die jungen Scheitel n\u00e4ssen. Die Sterne funkeln kalt und k\u00fchl herab Auf einen Kranz von Astern und Zypressen: Du Herzensmann, ich kann dich nicht vergessen. Die Sterne funken kalt und k\u00fchl herab.<\/p>\n","protected":false},"author":15,"featured_media":0,"parent":9226,"menu_order":0,"comment_status":"closed","ping_status":"closed","template":"","meta":{"footnotes":""},"class_list":["post-9326","page","type-page","status-publish","hentry"],"_links":{"self":[{"href":"https:\/\/verserzaehler.wababbel.de\/index.php?rest_route=\/wp\/v2\/pages\/9326","targetHints":{"allow":["GET"]}}],"collection":[{"href":"https:\/\/verserzaehler.wababbel.de\/index.php?rest_route=\/wp\/v2\/pages"}],"about":[{"href":"https:\/\/verserzaehler.wababbel.de\/index.php?rest_route=\/wp\/v2\/types\/page"}],"author":[{"embeddable":true,"href":"https:\/\/verserzaehler.wababbel.de\/index.php?rest_route=\/wp\/v2\/users\/15"}],"replies":[{"embeddable":true,"href":"https:\/\/verserzaehler.wababbel.de\/index.php?rest_route=%2Fwp%2Fv2%2Fcomments&post=9326"}],"version-history":[{"count":1,"href":"https:\/\/verserzaehler.wababbel.de\/index.php?rest_route=\/wp\/v2\/pages\/9326\/revisions"}],"predecessor-version":[{"id":9327,"href":"https:\/\/verserzaehler.wababbel.de\/index.php?rest_route=\/wp\/v2\/pages\/9326\/revisions\/9327"}],"up":[{"embeddable":true,"href":"https:\/\/verserzaehler.wababbel.de\/index.php?rest_route=\/wp\/v2\/pages\/9226"}],"wp:attachment":[{"href":"https:\/\/verserzaehler.wababbel.de\/index.php?rest_route=%2Fwp%2Fv2%2Fmedia&parent=9326"}],"curies":[{"name":"wp","href":"https:\/\/api.w.org\/{rel}","templated":true}]}}