{"id":9348,"date":"2019-08-14T00:44:17","date_gmt":"2019-08-13T23:44:17","guid":{"rendered":"http:\/\/www.wababbel.de\/ferdi\/?page_id=9348"},"modified":"2019-08-14T00:44:41","modified_gmt":"2019-08-13T23:44:41","slug":"friedrich-haug","status":"publish","type":"page","link":"https:\/\/verserzaehler.wababbel.de\/?page_id=9348","title":{"rendered":"Friedrich Haug"},"content":{"rendered":"<p><strong>(1) An Kritiker<\/strong><br \/>\nR\u00fcgt Fehle mild,<br \/>\nWollt ihr belehren.<br \/>\nEin Krittler schilt.<br \/>\nR\u00fcgt Fehle mild.<br \/>\nWer gei\u00dfelnd br\u00fcllt,<br \/>\nKann blo\u00df emp\u00f6ren.<br \/>\nR\u00fcgt Fehle mild,<br \/>\nWollt ihr belehren.<\/p>\n<p><strong>(2) An Luisen<\/strong><br \/>\nEin schnelles Triolett<br \/>\nBelohnst du mit drei K\u00fcssen?<br \/>\nO Wonne! Mir ger\u00e4t<br \/>\nEin schnelles Triolett.<br \/>\nWie k\u00f6nnt auch ein Poet<br \/>\nCytherens Gabe missen!<br \/>\nMein schnelles Triolett<br \/>\nBelohne mit drei K\u00fcssen!<\/p>\n","protected":false},"excerpt":{"rendered":"<p>(1) An Kritiker R\u00fcgt Fehle mild, Wollt ihr belehren. Ein Krittler schilt. R\u00fcgt Fehle mild. Wer gei\u00dfelnd br\u00fcllt, Kann blo\u00df emp\u00f6ren. R\u00fcgt Fehle mild, Wollt ihr belehren. (2) An Luisen Ein schnelles Triolett Belohnst du mit drei K\u00fcssen? O Wonne! Mir ger\u00e4t Ein schnelles Triolett. Wie k\u00f6nnt auch ein Poet Cytherens Gabe missen! Mein schnelles&#8230; <a class=\"more-link\" href=\"https:\/\/verserzaehler.wababbel.de\/?page_id=9348\">Read More <span class=\"screen-reader-text\"> in Friedrich Haug<\/span><\/a><\/p>\n","protected":false},"author":15,"featured_media":0,"parent":9226,"menu_order":0,"comment_status":"closed","ping_status":"closed","template":"","meta":{"footnotes":""},"class_list":["post-9348","page","type-page","status-publish","hentry"],"_links":{"self":[{"href":"https:\/\/verserzaehler.wababbel.de\/index.php?rest_route=\/wp\/v2\/pages\/9348","targetHints":{"allow":["GET"]}}],"collection":[{"href":"https:\/\/verserzaehler.wababbel.de\/index.php?rest_route=\/wp\/v2\/pages"}],"about":[{"href":"https:\/\/verserzaehler.wababbel.de\/index.php?rest_route=\/wp\/v2\/types\/page"}],"author":[{"embeddable":true,"href":"https:\/\/verserzaehler.wababbel.de\/index.php?rest_route=\/wp\/v2\/users\/15"}],"replies":[{"embeddable":true,"href":"https:\/\/verserzaehler.wababbel.de\/index.php?rest_route=%2Fwp%2Fv2%2Fcomments&post=9348"}],"version-history":[{"count":1,"href":"https:\/\/verserzaehler.wababbel.de\/index.php?rest_route=\/wp\/v2\/pages\/9348\/revisions"}],"predecessor-version":[{"id":9349,"href":"https:\/\/verserzaehler.wababbel.de\/index.php?rest_route=\/wp\/v2\/pages\/9348\/revisions\/9349"}],"up":[{"embeddable":true,"href":"https:\/\/verserzaehler.wababbel.de\/index.php?rest_route=\/wp\/v2\/pages\/9226"}],"wp:attachment":[{"href":"https:\/\/verserzaehler.wababbel.de\/index.php?rest_route=%2Fwp%2Fv2%2Fmedia&parent=9348"}],"curies":[{"name":"wp","href":"https:\/\/api.w.org\/{rel}","templated":true}]}}