{"id":9412,"date":"2019-08-18T22:36:14","date_gmt":"2019-08-18T21:36:14","guid":{"rendered":"http:\/\/www.wababbel.de\/ferdi\/?page_id=9412"},"modified":"2019-08-18T22:36:29","modified_gmt":"2019-08-18T21:36:29","slug":"heinrich-schmidt","status":"publish","type":"page","link":"https:\/\/verserzaehler.wababbel.de\/?page_id=9412","title":{"rendered":"Heinrich Schmidt"},"content":{"rendered":"<p><strong>Triolettenkranz<\/strong><\/p>\n<p><strong>(1) Nacht und Licht<\/strong><br \/>\nDie Nacht umh\u00fcllt der Sterne Licht!<br \/>\nWie willst du deinen Weg wohl finden,<br \/>\nWenn alle gold&#8217;nen Sterne schwinden?<br \/>\nDie Nacht umh\u00fcllt der Sonne Licht!<br \/>\nL\u00e4sst du die bangen Zweifel walten,<br \/>\nWie willst du fest am Glauben halten?<br \/>\nDie Nacht umh\u00fcllt der Sonne Licht.<\/p>\n<p><strong>(2) Licht und Nacht<\/strong><br \/>\nHell dringt das Licht durch Nacht und Graus!<br \/>\nWohl m\u00f6chten sie uns gern verwirren;<br \/>\nEin fromm Gem\u00fct l\u00e4sst sich nicht irren,<br \/>\nHell strahlt das Licht durch Nacht und Graus!<br \/>\nLass&#8216; Aberwitz und Mystik walten,<br \/>\nUnd Unvernunft und Dummheit schalten!<br \/>\nHell dringt das Licht durch Nacht und Graus!<\/p>\n<p><strong>(3) Lenz und Winter<\/strong><br \/>\nDem Lenze folgt die Mitternacht!<br \/>\nVom strengen Frost erstarrt die Blume,<br \/>\nNacht wird&#8217;s in Florens Heiligtume,<br \/>\nDem Lenze folgt die Winternacht:<br \/>\nHast du nicht unter hei\u00dfen K\u00fcssen<br \/>\nDich aus der Liebe Arm gerissen?<br \/>\nDem Lenze folgt die Winternacht!<\/p>\n<p><strong>(4) Winter und Lenz<\/strong><br \/>\nDem Veilchen weicht des Winters Spur?<br \/>\nSanft t\u00f6nt der Sch\u00f6pfung neues Werde!<br \/>\nDa duftet die vergn\u00fcgte Erde,<br \/>\nDem Veilchen weicht des Winters Spur!<br \/>\nUnd wirst du fest auf Gottvertrauen,<br \/>\nSo flieh&#8217;n des bangen Zweifels Grauen,<br \/>\nDem Veilchen weicht des Winters Spur.<\/p>\n<p><strong>(5) Die pl\u00e4tschernde Welle<\/strong><br \/>\nDes Baches Welle netzt die Flur!<br \/>\nBrennt hei\u00df die Sonne auf den Matten,<br \/>\nSo weilt sich&#8217;s gut im k\u00fchlen Schatten;<br \/>\nDes Baches Welle netzt die Flur!<br \/>\nUnd wenn die finstren Sorgen walten,<br \/>\nKann treue Liebe aufrecht halten;<br \/>\nDes Baches Welle netzt die Flur!<\/p>\n<p><strong>(6) Die rollenden Wogen<\/strong><br \/>\nDie Woge rollt dem Meere zu!<br \/>\nDer Schiffer w\u00e4re gern gelandet,<br \/>\nW\u00e4r&#8216; er im Osten nicht gestrandet;<br \/>\nDie Woge rollt dem Meere zu!<br \/>\nDen Strom der Zeit kann niemand hemmen,<br \/>\nMag er das Gl\u00fcck der Welt verschwemmen!<br \/>\nDie Woge rollt dem Meere zu!<\/p>\n<p><strong>(7) Ewige Leere<\/strong><br \/>\nIhr Herz bleibt ewig liebeleer!<br \/>\nSie achtet nicht der bittren Tr\u00e4nen,<br \/>\nSie kennet nicht mein hei\u00dfes Sehnen,<br \/>\nIhr Herz bleibt ewig liebeleer!<br \/>\nDas Wort versiegt, die Pulse schleichen!<br \/>\nDes J\u00fcnglings rote Wangen bleichen!<br \/>\nIhr Herz bleibt ewig liebeleer!<\/p>\n<p><strong>(8) Gew\u00e4hrung<\/strong><br \/>\nSie sagte froh Gew\u00e4hrung zu!<br \/>\nAls ich sie bat, mich anzuh\u00f6ren,<br \/>\nAuf ewig Treue mir zu schw\u00f6ren;<br \/>\nSie sagte froh Gew\u00e4hrung zu!<br \/>\n\u201eWird Liebchen denn mit holden Blicken<br \/>\nauch andre M\u00e4nner noch erquicken?\u201c<br \/>\nSie sagte froh Gew\u00e4hrung zu!<\/p>\n","protected":false},"excerpt":{"rendered":"<p>Triolettenkranz (1) Nacht und Licht Die Nacht umh\u00fcllt der Sterne Licht! Wie willst du deinen Weg wohl finden, Wenn alle gold&#8217;nen Sterne schwinden? Die Nacht umh\u00fcllt der Sonne Licht! L\u00e4sst du die bangen Zweifel walten, Wie willst du fest am Glauben halten? Die Nacht umh\u00fcllt der Sonne Licht. (2) Licht und Nacht Hell dringt das&#8230; <a class=\"more-link\" href=\"https:\/\/verserzaehler.wababbel.de\/?page_id=9412\">Read More <span class=\"screen-reader-text\"> in Heinrich Schmidt<\/span><\/a><\/p>\n","protected":false},"author":15,"featured_media":0,"parent":9226,"menu_order":0,"comment_status":"closed","ping_status":"closed","template":"","meta":{"footnotes":""},"class_list":["post-9412","page","type-page","status-publish","hentry"],"_links":{"self":[{"href":"https:\/\/verserzaehler.wababbel.de\/index.php?rest_route=\/wp\/v2\/pages\/9412","targetHints":{"allow":["GET"]}}],"collection":[{"href":"https:\/\/verserzaehler.wababbel.de\/index.php?rest_route=\/wp\/v2\/pages"}],"about":[{"href":"https:\/\/verserzaehler.wababbel.de\/index.php?rest_route=\/wp\/v2\/types\/page"}],"author":[{"embeddable":true,"href":"https:\/\/verserzaehler.wababbel.de\/index.php?rest_route=\/wp\/v2\/users\/15"}],"replies":[{"embeddable":true,"href":"https:\/\/verserzaehler.wababbel.de\/index.php?rest_route=%2Fwp%2Fv2%2Fcomments&post=9412"}],"version-history":[{"count":1,"href":"https:\/\/verserzaehler.wababbel.de\/index.php?rest_route=\/wp\/v2\/pages\/9412\/revisions"}],"predecessor-version":[{"id":9413,"href":"https:\/\/verserzaehler.wababbel.de\/index.php?rest_route=\/wp\/v2\/pages\/9412\/revisions\/9413"}],"up":[{"embeddable":true,"href":"https:\/\/verserzaehler.wababbel.de\/index.php?rest_route=\/wp\/v2\/pages\/9226"}],"wp:attachment":[{"href":"https:\/\/verserzaehler.wababbel.de\/index.php?rest_route=%2Fwp%2Fv2%2Fmedia&parent=9412"}],"curies":[{"name":"wp","href":"https:\/\/api.w.org\/{rel}","templated":true}]}}