{"id":9872,"date":"2020-02-03T21:58:16","date_gmt":"2020-02-03T20:58:16","guid":{"rendered":"http:\/\/www.wababbel.de\/ferdi\/?page_id=9872"},"modified":"2020-02-03T21:58:47","modified_gmt":"2020-02-03T20:58:47","slug":"die-silben","status":"publish","type":"page","link":"https:\/\/verserzaehler.wababbel.de\/?page_id=9872","title":{"rendered":"Die Silben"},"content":{"rendered":"<p><strong>Die Silben<\/strong><\/p>\n<p><em>\u00dcber die Grundbausteine des Hexameters<\/em><\/p>\n<p>Welche der Silben, die die deutsche Sprache bereitstellt, sind im Hexameter f\u00e4hig, eine Hebungsstelle zu besetzen, und welche Silben sind f\u00e4hig, eine Senkungsstelle zu besetzen? Diese Frage ist untrennbar verbunden mit der Frage, wie das Ordnungsprinzip des antiken Verses, das die L\u00e4nge beziehungsweise K\u00fcrze der Silben, also ihren Zeitwert in Betracht zieht, im Deutschen wiedergegeben werden kann und soll, dessen Dichtung die Silben vor allem nach dem Nachdruck ihrer Aussprache, also der Tonst\u00e4rke unterteilt.<\/p>\n<p>Auf diese zweite Frage haben sowohl die Theoretiker als auch die Praktiker des deutschen Hexameters ganz unterschiedliche Antworten gegeben, die sich teilweise vollkommen widersprechen. Strenggenommen gibt es also den einen deutschen Hexameter gar nicht, und es m\u00fcssten verschiedene Arten von deutschen Hexametern vorgestellt werden je nach der Antwort, die der jeweilige Verfasser oder Metriker f\u00fcr richtig befunden hat. Da das im Rahmen dieses an praktischen Bed\u00fcrfnissen ausgerichteten Lexikons nicht sinnvoll erscheint, versuche ich, eine Silben-Bestimmung zu geben, die beim Schreiben von Hexametern zu guten Ergebnissen f\u00fchrt und dar\u00fcber hinaus auf die allermeisten schon geschriebenen Hexameter anwendbar ist. Man behalte aber immer im Hinterkopf, dass diese Bestimmung ein Kompromiss zwischen eigentlich unvereinbaren Gegens\u00e4tzen ist! Er f\u00fchrt zu einem belastbaren Grundvers, von dem aus sp\u00e4ter jeder seinen eigenen Vers sollte formen k\u00f6nnen.<\/p>\n<p>Die Silben der Deutschen Sprache lassen sich im Hexameterrahmen sinnvoll nach ihrem Gewicht unterscheiden; es gibt also schwere und leichte Silben.<\/p>\n<p>Schwer ist eine Silbe vor allem, wenn sie mit viel Nachdruck gesprochen wird; zu ihrem Gewicht tragen in geringerem Umfang aber auch die L\u00e4nge ihres Vokals sowie die Anzahl und Art ihrer Konsonanten bei. Da der Nachdruck, mit dem gesprochen wird, im Deutschen stark von der Bedeutung abh\u00e4ngt, finden sich solche Silben vor allem bei den Sinnw\u00f6rtern, also den Substantiven, Adjektiven, Verben und Adverben. Ganz entsprechend finden sich leichte Silben vor allem bei den Bausilben, also den Hilfsverben, Pronomen, Pr\u00e4positionen, Artikeln, Vorsilben und dergleichen mehr. Betrachtet man nur einsilbige W\u00f6rter, w\u00e4ren also <em>Schrank, gro\u00df, l\u00e4uft, dort<\/em> schwere Silben, <em>ist, sie, vor, das<\/em> dagegen leichte Silben!<\/p>\n<p>Bei zwei- und mehrsilbigen W\u00f6rtern sind f\u00fcr gew\u00f6hnlich die Stammsilben schwere, die Ableitungs- und Bestimmungssilben dagegen leichte Silben: <em><strong>Eis<\/strong>, <strong>ei<\/strong>-sig, ver-<strong>ei<\/strong>-sen<\/em> &#8211; die schweren Silben sind fett dargestellt.<\/p>\n<p>Au\u00dferhalb des Versrahmens. also des einzelnen, bestimmten Verses, lassen sich genaue Zuordnungen allerdings nur schwer treffen, denn es gibt zum einen viele Silben, die ein mittleres Gewicht haben und daher sowohl f\u00fcr die Hebung wie f\u00fcr die Senkung in Frage kommen; zweitens ist die Hebungs- und Senkungstauglichkeit einer Silbe immer auch von den ihr benachbarten Silben abh\u00e4ngig; und drittens kann die logische Betonung, die aus dem Sinnzusammenhang des den Vers f\u00fcllenden Satzes herr\u00fchrt, eine an sich sehr leichte Silbe durch starke Betonung schwer und hebungstauglich machen. N\u00f6tig ist daher immer der Blick auf den jeweiligen Vers!<\/p>\n","protected":false},"excerpt":{"rendered":"<p>Die Silben \u00dcber die Grundbausteine des Hexameters Welche der Silben, die die deutsche Sprache bereitstellt, sind im Hexameter f\u00e4hig, eine Hebungsstelle zu besetzen, und welche Silben sind f\u00e4hig, eine Senkungsstelle zu besetzen? Diese Frage ist untrennbar verbunden mit der Frage, wie das Ordnungsprinzip des antiken Verses, das die L\u00e4nge beziehungsweise K\u00fcrze der Silben, also ihren&#8230; <a class=\"more-link\" href=\"https:\/\/verserzaehler.wababbel.de\/?page_id=9872\">Read More <span class=\"screen-reader-text\"> in Die Silben<\/span><\/a><\/p>\n","protected":false},"author":15,"featured_media":0,"parent":8483,"menu_order":0,"comment_status":"closed","ping_status":"closed","template":"","meta":{"footnotes":""},"class_list":["post-9872","page","type-page","status-publish","hentry"],"_links":{"self":[{"href":"https:\/\/verserzaehler.wababbel.de\/index.php?rest_route=\/wp\/v2\/pages\/9872","targetHints":{"allow":["GET"]}}],"collection":[{"href":"https:\/\/verserzaehler.wababbel.de\/index.php?rest_route=\/wp\/v2\/pages"}],"about":[{"href":"https:\/\/verserzaehler.wababbel.de\/index.php?rest_route=\/wp\/v2\/types\/page"}],"author":[{"embeddable":true,"href":"https:\/\/verserzaehler.wababbel.de\/index.php?rest_route=\/wp\/v2\/users\/15"}],"replies":[{"embeddable":true,"href":"https:\/\/verserzaehler.wababbel.de\/index.php?rest_route=%2Fwp%2Fv2%2Fcomments&post=9872"}],"version-history":[{"count":1,"href":"https:\/\/verserzaehler.wababbel.de\/index.php?rest_route=\/wp\/v2\/pages\/9872\/revisions"}],"predecessor-version":[{"id":9873,"href":"https:\/\/verserzaehler.wababbel.de\/index.php?rest_route=\/wp\/v2\/pages\/9872\/revisions\/9873"}],"up":[{"embeddable":true,"href":"https:\/\/verserzaehler.wababbel.de\/index.php?rest_route=\/wp\/v2\/pages\/8483"}],"wp:attachment":[{"href":"https:\/\/verserzaehler.wababbel.de\/index.php?rest_route=%2Fwp%2Fv2%2Fmedia&parent=9872"}],"curies":[{"name":"wp","href":"https:\/\/api.w.org\/{rel}","templated":true}]}}